Last updated on 2025-05-10 20:49:36 CEST.
Flavor | Version | Tinstall | Tcheck | Ttotal | Status | Flags |
---|---|---|---|---|---|---|
r-devel-linux-x86_64-debian-clang | 3.0.0 | 11.18 | 25.88 | 37.06 | NOTE | |
r-devel-linux-x86_64-debian-gcc | 3.0.0 | 7.84 | 20.36 | 28.20 | NOTE | |
r-devel-linux-x86_64-fedora-clang | 3.0.0 | 62.17 | OK | |||
r-devel-linux-x86_64-fedora-gcc | 3.0.0 | 61.71 | OK | |||
r-devel-windows-x86_64 | 3.0.0 | 16.00 | 67.00 | 83.00 | OK | |
r-patched-linux-x86_64 | 3.0.0 | 11.66 | 26.16 | 37.82 | OK | |
r-release-linux-x86_64 | 3.0.0 | 11.29 | 24.42 | 35.71 | OK | |
r-release-macos-arm64 | 3.0.0 | 25.00 | OK | |||
r-release-macos-x86_64 | 3.0.0 | 34.00 | OK | |||
r-release-windows-x86_64 | 3.0.0 | 16.00 | 65.00 | 81.00 | OK | |
r-oldrel-macos-arm64 | 3.0.0 | 27.00 | OK | |||
r-oldrel-macos-x86_64 | 3.0.0 | 32.00 | OK | |||
r-oldrel-windows-x86_64 | 3.0.0 | 14.00 | 73.00 | 87.00 | OK |
Version: 3.0.0
Check: CRAN incoming feasibility
Result: NOTE
Maintainer: ‘Stéphane Laurent <laurent_step@outlook.fr>’
No Authors@R field in DESCRIPTION.
Please add one, modifying
Authors@R: person(given = "Stéphane",
family = "Laurent",
role = c("aut", "cre"),
email = "laurent_step@outlook.fr")
as necessary.
Flavors: r-devel-linux-x86_64-debian-clang, r-devel-linux-x86_64-debian-gcc