Last updated on 2025-05-10 16:52:12 CEST.
Flavor | Version | Tinstall | Tcheck | Ttotal | Status | Flags |
---|---|---|---|---|---|---|
r-devel-linux-x86_64-debian-clang | 0.1.2 | 11.83 | 94.66 | 106.49 | NOTE | |
r-devel-linux-x86_64-debian-gcc | 0.1.2 | 9.18 | 66.20 | 75.38 | NOTE | |
r-devel-linux-x86_64-fedora-clang | 0.1.2 | 157.92 | OK | |||
r-devel-linux-x86_64-fedora-gcc | 0.1.2 | 158.20 | OK | |||
r-devel-windows-x86_64 | 0.1.2 | 14.00 | 104.00 | 118.00 | OK | |
r-patched-linux-x86_64 | 0.1.2 | 13.01 | 88.87 | 101.88 | OK | |
r-release-linux-x86_64 | 0.1.2 | 12.35 | 88.68 | 101.03 | OK | |
r-release-macos-arm64 | 0.1.2 | 50.00 | OK | |||
r-release-macos-x86_64 | 0.1.2 | 87.00 | OK | |||
r-release-windows-x86_64 | 0.1.2 | 14.00 | 105.00 | 119.00 | OK | |
r-oldrel-macos-arm64 | 0.1.2 | 48.00 | OK | |||
r-oldrel-macos-x86_64 | 0.1.2 | 77.00 | OK | |||
r-oldrel-windows-x86_64 | 0.1.2 | 19.00 | 128.00 | 147.00 | OK |
Version: 0.1.2
Check: CRAN incoming feasibility
Result: NOTE
Maintainer: ‘Dominik Heider <heiderd@mathematik.uni-marburg.de>’
No Authors@R field in DESCRIPTION.
Please add one, modifying
Authors@R: c(person(given = "Johanna",
family = "Schwarz",
role = "aut"),
person(given = "Dominik",
family = "Heider",
role = c("aut", "cre"),
email = "heiderd@mathematik.uni-marburg.de"))
as necessary.
Flavors: r-devel-linux-x86_64-debian-clang, r-devel-linux-x86_64-debian-gcc