Last updated on 2025-05-10 20:49:37 CEST.
Flavor | Version | Tinstall | Tcheck | Ttotal | Status | Flags |
---|---|---|---|---|---|---|
r-devel-linux-x86_64-debian-clang | 0.2.1 | 10.68 | 82.15 | 92.83 | NOTE | |
r-devel-linux-x86_64-debian-gcc | 0.2.1 | 8.27 | 61.17 | 69.44 | NOTE | |
r-devel-linux-x86_64-fedora-clang | 0.2.1 | 154.57 | NOTE | |||
r-devel-linux-x86_64-fedora-gcc | 0.2.1 | 149.10 | NOTE | |||
r-devel-windows-x86_64 | 0.2.1 | 11.00 | 88.00 | 99.00 | NOTE | |
r-patched-linux-x86_64 | 0.2.1 | 10.44 | 79.03 | 89.47 | NOTE | |
r-release-linux-x86_64 | 0.2.1 | 10.35 | 77.48 | 87.83 | NOTE | |
r-release-macos-arm64 | 0.2.1 | 42.00 | NOTE | |||
r-release-macos-x86_64 | 0.2.1 | 86.00 | NOTE | |||
r-release-windows-x86_64 | 0.2.1 | 11.00 | 88.00 | 99.00 | NOTE | |
r-oldrel-macos-arm64 | 0.2.1 | 43.00 | NOTE | |||
r-oldrel-macos-x86_64 | 0.2.1 | 61.00 | NOTE | |||
r-oldrel-windows-x86_64 | 0.2.1 | 16.00 | 107.00 | 123.00 | NOTE |
Version: 0.2.1
Check: CRAN incoming feasibility
Result: NOTE
Maintainer: ‘Francis Huang <flhuang2000@yahoo.com>’
Package CITATION file contains call(s) to old-style personList() or
as.personList(). Please use c() on person objects instead.
Package CITATION file contains call(s) to old-style citEntry(). Please
use bibentry() instead.
Flavors: r-devel-linux-x86_64-debian-clang, r-devel-linux-x86_64-debian-gcc
Version: 0.2.1
Check: Rd files
Result: NOTE
checkRd: (-1) sharedat.Rd:23: Lost braces
23 | \doi{10.7910/DVN/YXMQZM}{Harvard dataverse}
| ^
Flavors: r-devel-linux-x86_64-debian-clang, r-devel-linux-x86_64-debian-gcc, r-devel-linux-x86_64-fedora-clang, r-devel-linux-x86_64-fedora-gcc, r-devel-windows-x86_64, r-patched-linux-x86_64, r-release-linux-x86_64, r-release-macos-arm64, r-release-macos-x86_64, r-release-windows-x86_64, r-oldrel-macos-arm64, r-oldrel-macos-x86_64, r-oldrel-windows-x86_64