CRAN Package Check Results for Package CINID

Last updated on 2025-07-22 04:49:59 CEST.

Flavor Version Tinstall Tcheck Ttotal Status Flags
r-devel-linux-x86_64-debian-clang 1.3-0 1.94 19.67 21.61 NOTE
r-devel-linux-x86_64-debian-gcc 1.3-0 1.46 16.43 17.89 NOTE
r-devel-linux-x86_64-fedora-clang 1.3-0 34.34 OK
r-devel-linux-x86_64-fedora-gcc 1.3-0 31.31 OK
r-devel-windows-x86_64 1.3-0 3.00 39.00 42.00 OK
r-patched-linux-x86_64 1.3-0 1.91 18.93 20.84 OK
r-release-linux-x86_64 1.3-0 1.86 18.46 20.32 OK
r-release-macos-arm64 1.3-0 15.00 OK
r-release-macos-x86_64 1.3-0 27.00 OK
r-release-windows-x86_64 1.3-0 3.00 40.00 43.00 OK
r-oldrel-macos-arm64 1.3-0 21.00 OK
r-oldrel-macos-x86_64 1.3-0 26.00 OK
r-oldrel-windows-x86_64 1.3-0 2.00 38.00 40.00 OK

Check Details

Version: 1.3-0
Check: CRAN incoming feasibility
Result: NOTE Maintainer: ‘Aurelie Siberchicot <aurelie.siberchicot@univ-lyon1.fr>’ No Authors@R field in DESCRIPTION. Please add one, modifying Authors@R: c(person(given = "Aurelie", family = "Siberchicot", role = c("aut", "cre"), email = "aurelie.siberchicot@univ-lyon1.fr"), person(given = "Adrien", family = "Merville", role = "aut"), person(given = "Marie-Claude", family = "Bel-Venner", role = "aut"), person(given = "Samuel", family = "Venner", role = "aut")) as necessary. Flavors: r-devel-linux-x86_64-debian-clang, r-devel-linux-x86_64-debian-gcc