Last updated on 2025-05-10 16:52:12 CEST.
Flavor | Version | Tinstall | Tcheck | Ttotal | Status | Flags |
---|---|---|---|---|---|---|
r-devel-linux-x86_64-debian-clang | 1.3.4 | 27.86 | 89.98 | 117.84 | NOTE | |
r-devel-linux-x86_64-debian-gcc | 1.3.4 | 22.70 | 61.01 | 83.71 | NOTE | |
r-devel-linux-x86_64-fedora-clang | 1.3.4 | 189.82 | NOTE | |||
r-devel-linux-x86_64-fedora-gcc | 1.3.4 | 204.74 | NOTE | |||
r-devel-windows-x86_64 | 1.3.4 | 34.00 | 218.00 | 252.00 | NOTE | |
r-patched-linux-x86_64 | 1.3.4 | 32.79 | 80.66 | 113.45 | NOTE | |
r-release-linux-x86_64 | 1.3.4 | 30.22 | 81.42 | 111.64 | NOTE | |
r-release-macos-arm64 | 1.3.4 | 63.00 | NOTE | |||
r-release-macos-x86_64 | 1.3.4 | 156.00 | NOTE | |||
r-release-windows-x86_64 | 1.3.4 | 36.00 | 205.00 | 241.00 | NOTE | |
r-oldrel-macos-arm64 | 1.3.4 | 58.00 | NOTE | |||
r-oldrel-macos-x86_64 | 1.3.4 | 151.00 | NOTE | |||
r-oldrel-windows-x86_64 | 1.3.4 | 44.00 | 264.00 | 308.00 | NOTE |
Version: 1.3.4
Check: C++ specification
Result: NOTE
Specified C++11: please drop specification unless essential
Flavors: r-devel-linux-x86_64-debian-clang, r-devel-linux-x86_64-debian-gcc, r-devel-linux-x86_64-fedora-clang, r-devel-linux-x86_64-fedora-gcc, r-devel-windows-x86_64, r-patched-linux-x86_64, r-release-linux-x86_64, r-release-macos-arm64, r-release-macos-x86_64, r-release-windows-x86_64, r-oldrel-macos-arm64, r-oldrel-macos-x86_64, r-oldrel-windows-x86_64
Version: 1.3.4
Check: installed package size
Result: NOTE
installed size is 6.3Mb
sub-directories of 1Mb or more:
data 1.6Mb
extdata 1.1Mb
libs 3.1Mb
Flavors: r-oldrel-macos-arm64, r-oldrel-macos-x86_64