Last updated on 2025-05-10 20:49:36 CEST.
Flavor | Version | Tinstall | Tcheck | Ttotal | Status | Flags |
---|---|---|---|---|---|---|
r-devel-linux-x86_64-debian-clang | 6.1.1 | 74.51 | 437.12 | 511.63 | NOTE | |
r-devel-linux-x86_64-debian-gcc | 6.1.1 | 48.44 | 287.28 | 335.72 | NOTE | |
r-devel-linux-x86_64-fedora-clang | 6.1.1 | 881.72 | OK | |||
r-devel-linux-x86_64-fedora-gcc | 6.1.1 | 860.93 | OK | |||
r-devel-windows-x86_64 | 6.1.1 | 70.00 | 370.00 | 440.00 | OK | |
r-patched-linux-x86_64 | 6.1.1 | 66.61 | 416.41 | 483.02 | OK | |
r-release-linux-x86_64 | 6.1.1 | 77.48 | 414.60 | 492.08 | OK | |
r-release-macos-arm64 | 6.1.1 | 195.00 | OK | |||
r-release-macos-x86_64 | 6.1.1 | 396.00 | OK | |||
r-release-windows-x86_64 | 6.1.1 | 69.00 | 380.00 | 449.00 | OK | |
r-oldrel-macos-arm64 | 6.1.1 | 184.00 | OK | |||
r-oldrel-macos-x86_64 | 6.1.1 | 320.00 | OK | |||
r-oldrel-windows-x86_64 | 6.1.1 | 100.00 | 507.00 | 607.00 | OK |
Version: 6.1.1
Check: CRAN incoming feasibility
Result: NOTE
Maintainer: ‘Duncan Lee <Duncan.Lee@glasgow.ac.uk>’
No Authors@R field in DESCRIPTION.
Please add one, modifying
Authors@R: person(given = "Duncan",
family = "Lee",
role = c("aut", "cre"),
email = "duncan.lee@glasgow.ac.uk")
as necessary.
Flavors: r-devel-linux-x86_64-debian-clang, r-devel-linux-x86_64-debian-gcc