Last updated on 2025-05-10 20:49:36 CEST.
Flavor | Version | Tinstall | Tcheck | Ttotal | Status | Flags |
---|---|---|---|---|---|---|
r-devel-linux-x86_64-debian-clang | 1.0.17 | 2.43 | 56.42 | 58.85 | NOTE | |
r-devel-linux-x86_64-debian-gcc | 1.0.17 | 2.43 | 42.15 | 44.58 | NOTE | |
r-devel-linux-x86_64-fedora-clang | 1.0.17 | 109.00 | OK | |||
r-devel-linux-x86_64-fedora-gcc | 1.0.17 | 106.47 | OK | |||
r-devel-windows-x86_64 | 1.0.17 | 5.00 | 72.00 | 77.00 | OK | |
r-patched-linux-x86_64 | 1.0.17 | 2.32 | 53.53 | 55.85 | OK | |
r-release-linux-x86_64 | 1.0.17 | 3.21 | 55.32 | 58.53 | OK | |
r-release-macos-arm64 | 1.0.17 | 43.00 | OK | |||
r-release-macos-x86_64 | 1.0.17 | 69.00 | OK | |||
r-release-windows-x86_64 | 1.0.17 | 5.00 | 77.00 | 82.00 | OK | |
r-oldrel-macos-arm64 | 1.0.17 | 35.00 | OK | |||
r-oldrel-macos-x86_64 | 1.0.17 | 52.00 | OK | |||
r-oldrel-windows-x86_64 | 1.0.17 | 6.00 | 89.00 | 95.00 | OK |
Version: 1.0.17
Check: CRAN incoming feasibility
Result: NOTE
Maintainer: ‘Felipe Campelo <fcampelo@gmail.com>’
The Description field contains
<arxiv:1908.01720>.
Please refer to arXiv e-prints via their arXiv DOI <doi:10.48550/arXiv.YYMM.NNNNN>.
Flavors: r-devel-linux-x86_64-debian-clang, r-devel-linux-x86_64-debian-gcc