Last updated on 2025-05-10 16:52:12 CEST.
Flavor | Version | Tinstall | Tcheck | Ttotal | Status | Flags |
---|---|---|---|---|---|---|
r-devel-linux-x86_64-debian-clang | 1.0.0 | 31.35 | 259.95 | 291.30 | NOTE | |
r-devel-linux-x86_64-debian-gcc | 1.0.0 | 18.03 | 170.62 | 188.65 | NOTE | |
r-devel-linux-x86_64-fedora-clang | 1.0.0 | 491.25 | OK | |||
r-devel-linux-x86_64-fedora-gcc | 1.0.0 | 430.20 | OK | |||
r-devel-windows-x86_64 | 1.0.0 | 31.00 | 219.00 | 250.00 | OK | |
r-patched-linux-x86_64 | 1.0.0 | 27.35 | 240.33 | 267.68 | OK | |
r-release-linux-x86_64 | 1.0.0 | 27.22 | 238.96 | 266.18 | OK | |
r-release-macos-arm64 | 1.0.0 | 143.00 | OK | |||
r-release-macos-x86_64 | 1.0.0 | 236.00 | OK | |||
r-release-windows-x86_64 | 1.0.0 | 29.00 | 222.00 | 251.00 | OK | |
r-oldrel-macos-arm64 | 1.0.0 | 113.00 | OK | |||
r-oldrel-macos-x86_64 | 1.0.0 | 290.00 | OK | |||
r-oldrel-windows-x86_64 | 1.0.0 | 42.00 | 296.00 | 338.00 | OK |
Version: 1.0.0
Check: CRAN incoming feasibility
Result: NOTE
Maintainer: ‘Junyao Jiang <jiangjunyao789@163.com>’
No Authors@R field in DESCRIPTION.
Please add one, modifying
Authors@R: person(given = "Junyao",
family = "Jiang",
role = c("aut", "cre"),
email = "jiangjunyao789@163.com")
as necessary.
Flavors: r-devel-linux-x86_64-debian-clang, r-devel-linux-x86_64-debian-gcc