Last updated on 2025-07-16 04:50:07 CEST.
Flavor | Version | Tinstall | Tcheck | Ttotal | Status | Flags |
---|---|---|---|---|---|---|
r-devel-linux-x86_64-debian-clang | 1.0.0 | 28.64 | 260.01 | 288.65 | NOTE | |
r-devel-linux-x86_64-debian-gcc | 1.0.0 | 19.77 | 168.49 | 188.26 | NOTE | |
r-devel-linux-x86_64-fedora-clang | 1.0.0 | 477.62 | OK | |||
r-devel-linux-x86_64-fedora-gcc | 1.0.0 | 427.56 | OK | |||
r-devel-windows-x86_64 | 1.0.0 | 28.00 | 222.00 | 250.00 | OK | |
r-patched-linux-x86_64 | 1.0.0 | 27.23 | 239.86 | 267.09 | OK | |
r-release-linux-x86_64 | 1.0.0 | 27.12 | 240.89 | 268.01 | OK | |
r-release-macos-arm64 | 1.0.0 | 143.00 | OK | |||
r-release-macos-x86_64 | 1.0.0 | 236.00 | OK | |||
r-release-windows-x86_64 | 1.0.0 | 29.00 | 220.00 | 249.00 | OK | |
r-oldrel-macos-arm64 | 1.0.0 | 113.00 | OK | |||
r-oldrel-macos-x86_64 | 1.0.0 | 290.00 | OK | |||
r-oldrel-windows-x86_64 | 1.0.0 | 41.00 | 298.00 | 339.00 | OK |
Version: 1.0.0
Check: CRAN incoming feasibility
Result: NOTE
Maintainer: ‘Junyao Jiang <jiangjunyao789@163.com>’
No Authors@R field in DESCRIPTION.
Please add one, modifying
Authors@R: person(given = "Junyao",
family = "Jiang",
role = c("aut", "cre"),
email = "jiangjunyao789@163.com")
as necessary.
Flavors: r-devel-linux-x86_64-debian-clang, r-devel-linux-x86_64-debian-gcc