Last updated on 2025-05-10 16:52:12 CEST.
Flavor | Version | Tinstall | Tcheck | Ttotal | Status | Flags |
---|---|---|---|---|---|---|
r-devel-linux-x86_64-debian-clang | 3.3.1 | 12.47 | 89.90 | 102.37 | NOTE | |
r-devel-linux-x86_64-debian-gcc | 3.3.1 | 8.24 | 60.27 | 68.51 | NOTE | |
r-devel-linux-x86_64-fedora-clang | 3.3.1 | 146.52 | OK | |||
r-devel-linux-x86_64-fedora-gcc | 3.3.1 | 152.86 | OK | |||
r-devel-windows-x86_64 | 3.3.1 | 14.00 | 101.00 | 115.00 | OK | |
r-patched-linux-x86_64 | 3.3.1 | 12.02 | 82.42 | 94.44 | OK | |
r-release-linux-x86_64 | 3.3.1 | 11.85 | 82.31 | 94.16 | OK | |
r-release-macos-arm64 | 3.3.1 | 64.00 | OK | |||
r-release-macos-x86_64 | 3.3.1 | 77.00 | OK | |||
r-release-windows-x86_64 | 3.3.1 | 13.00 | 102.00 | 115.00 | OK | |
r-oldrel-macos-arm64 | 3.3.1 | 43.00 | OK | |||
r-oldrel-macos-x86_64 | 3.3.1 | 56.00 | OK | |||
r-oldrel-windows-x86_64 | 3.3.1 | 18.00 | 127.00 | 145.00 | OK |
Version: 3.3.1
Check: CRAN incoming feasibility
Result: NOTE
Maintainer: ‘Rosaria Lombardo <rosaria.lombardo@unicampania.it>’
No Authors@R field in DESCRIPTION.
Please add one, modifying
Authors@R: c(person(given = "Rosaria",
family = "Lombardo",
role = c("aut", "cre"),
email = "rosaria.lombardo@unicampania.it"),
person(given = c("Eric", "J"),
family = "Beh",
role = "aut"),
person(given = "Michel",
family = "van de Velden",
role = "aut"))
as necessary.
Flavors: r-devel-linux-x86_64-debian-clang, r-devel-linux-x86_64-debian-gcc