Last updated on 2025-05-10 12:49:37 CEST.
Flavor | Version | Tinstall | Tcheck | Ttotal | Status | Flags |
---|---|---|---|---|---|---|
r-devel-linux-x86_64-debian-clang | 0.1.5 | 36.63 | 25.22 | 61.85 | NOTE | |
r-devel-linux-x86_64-debian-gcc | 0.1.5 | 23.09 | 20.07 | 43.16 | NOTE | |
r-devel-linux-x86_64-fedora-clang | 0.1.5 | 117.60 | OK | |||
r-devel-linux-x86_64-fedora-gcc | 0.1.5 | 112.79 | OK | |||
r-devel-windows-x86_64 | 0.1.5 | 41.00 | 63.00 | 104.00 | OK | |
r-patched-linux-x86_64 | 0.1.5 | 33.42 | 24.40 | 57.82 | OK | |
r-release-linux-x86_64 | 0.1.5 | 31.50 | 24.02 | 55.52 | OK | |
r-release-macos-arm64 | 0.1.5 | 32.00 | OK | |||
r-release-macos-x86_64 | 0.1.5 | 51.00 | OK | |||
r-release-windows-x86_64 | 0.1.5 | 42.00 | 64.00 | 106.00 | OK | |
r-oldrel-macos-arm64 | 0.1.5 | 30.00 | OK | |||
r-oldrel-macos-x86_64 | 0.1.5 | 56.00 | OK | |||
r-oldrel-windows-x86_64 | 0.1.5 | 48.00 | 73.00 | 121.00 | OK |
Version: 0.1.5
Check: CRAN incoming feasibility
Result: NOTE
Maintainer: ‘Raphaël Clifford <clifford@cs.bris.ac.uk>’
The Description field contains
(2017) <arXiv:1706.01260>. Also provides functions for generating
Please refer to arXiv e-prints via their arXiv DOI <doi:10.48550/arXiv.YYMM.NNNNN>.
Flavors: r-devel-linux-x86_64-debian-clang, r-devel-linux-x86_64-debian-gcc