Last updated on 2025-05-10 08:50:33 CEST.
Flavor | Version | Tinstall | Tcheck | Ttotal | Status | Flags |
---|---|---|---|---|---|---|
r-devel-linux-x86_64-debian-clang | 1.1.3 | 22.54 | 174.42 | 196.96 | NOTE | |
r-devel-linux-x86_64-debian-gcc | 1.1.3 | 15.53 | 126.71 | 142.24 | NOTE | |
r-devel-linux-x86_64-fedora-clang | 1.1.3 | 323.97 | OK | |||
r-devel-linux-x86_64-fedora-gcc | 1.1.3 | 319.11 | OK | |||
r-devel-windows-x86_64 | 1.1.3 | 2.00 | 5.00 | 7.00 | ERROR | |
r-patched-linux-x86_64 | 1.1.3 | 17.51 | 163.67 | 181.18 | OK | |
r-release-linux-x86_64 | 1.1.3 | 22.11 | 162.04 | 184.15 | OK | |
r-release-macos-arm64 | 1.1.3 | 91.00 | OK | |||
r-release-macos-x86_64 | 1.1.3 | 177.00 | OK | |||
r-release-windows-x86_64 | 1.1.3 | 6.00 | 23.00 | 29.00 | ERROR | |
r-oldrel-macos-arm64 | 1.1.3 | 84.00 | OK | |||
r-oldrel-macos-x86_64 | 1.1.3 | 126.00 | OK | |||
r-oldrel-windows-x86_64 | 1.1.3 | 29.00 | 192.00 | 221.00 | OK |
Version: 1.1.3
Check: CRAN incoming feasibility
Result: NOTE
Maintainer: ‘Tim Hulsen <thulsen@gmail.com>’
Package CITATION file contains call(s) to old-style personList() or
as.personList(). Please use c() on person objects instead.
Flavors: r-devel-linux-x86_64-debian-clang, r-devel-linux-x86_64-debian-gcc
Version: 1.1.3
Check: whether package can be installed
Result: ERROR
Installation failed.
Flavors: r-devel-windows-x86_64, r-release-windows-x86_64