CRAN Package Check Results for Package BioCircos

Last updated on 2025-05-10 16:52:11 CEST.

Flavor Version Tinstall Tcheck Ttotal Status Flags
r-devel-linux-x86_64-debian-clang 0.3.4 3.57 38.51 42.08 OK
r-devel-linux-x86_64-debian-gcc 0.3.4 2.47 28.64 31.11 OK
r-devel-linux-x86_64-fedora-clang 0.3.4 64.90 OK
r-devel-linux-x86_64-fedora-gcc 0.3.4 81.71 OK
r-devel-windows-x86_64 0.3.4 5.00 58.00 63.00 OK
r-patched-linux-x86_64 0.3.4 3.62 35.99 39.61 OK
r-release-linux-x86_64 0.3.4 3.61 36.23 39.84 OK
r-release-macos-arm64 0.3.4 48.00 OK
r-release-macos-x86_64 0.3.4 51.00 OK
r-release-windows-x86_64 0.3.4 5.00 59.00 64.00 OK
r-oldrel-macos-arm64 0.3.4 30.00 NOTE
r-oldrel-macos-x86_64 0.3.4 47.00 NOTE
r-oldrel-windows-x86_64 0.3.4 6.00 68.00 74.00 NOTE

Check Details

Version: 0.3.4
Check: LazyData
Result: NOTE 'LazyData' is specified without a 'data' directory Flavors: r-oldrel-macos-arm64, r-oldrel-macos-x86_64, r-oldrel-windows-x86_64