Last updated on 2025-05-10 16:52:11 CEST.
Flavor | Version | Tinstall | Tcheck | Ttotal | Status | Flags |
---|---|---|---|---|---|---|
r-devel-linux-x86_64-debian-clang | 0.2.0 | 5.54 | 34.30 | 39.84 | NOTE | |
r-devel-linux-x86_64-debian-gcc | 0.2.0 | 3.78 | 24.18 | 27.96 | NOTE | |
r-devel-linux-x86_64-fedora-clang | 0.2.0 | 66.68 | OK | |||
r-devel-linux-x86_64-fedora-gcc | 0.2.0 | 67.02 | OK | |||
r-devel-windows-x86_64 | 0.2.0 | 8.00 | 49.00 | 57.00 | OK | |
r-patched-linux-x86_64 | 0.2.0 | 6.26 | 32.75 | 39.01 | OK | |
r-release-linux-x86_64 | 0.2.0 | 4.75 | 32.15 | 36.90 | OK | |
r-release-macos-arm64 | 0.2.0 | 21.00 | OK | |||
r-release-macos-x86_64 | 0.2.0 | 36.00 | OK | |||
r-release-windows-x86_64 | 0.2.0 | 7.00 | 51.00 | 58.00 | OK | |
r-oldrel-macos-arm64 | 0.2.0 | 20.00 | OK | |||
r-oldrel-macos-x86_64 | 0.2.0 | 30.00 | OK | |||
r-oldrel-windows-x86_64 | 0.2.0 | 10.00 | 57.00 | 67.00 | OK |
Version: 0.2.0
Check: CRAN incoming feasibility
Result: NOTE
Maintainer: ‘Chris Aberson <cla18@humboldt.edu>’
No Authors@R field in DESCRIPTION.
Please add one, modifying
Authors@R: person(given = "Chris",
family = "Aberson",
role = c("aut", "cre"),
email = "cla18@humboldt.edu")
as necessary.
Flavors: r-devel-linux-x86_64-debian-clang, r-devel-linux-x86_64-debian-gcc