Last updated on 2025-05-10 20:49:35 CEST.
Flavor | Version | Tinstall | Tcheck | Ttotal | Status | Flags |
---|---|---|---|---|---|---|
r-devel-linux-x86_64-debian-clang | 1.3.0 | 347.86 | 363.37 | 711.23 | OK | |
r-devel-linux-x86_64-debian-gcc | 1.3.0 | 324.77 | 285.31 | 610.08 | OK | |
r-devel-linux-x86_64-fedora-clang | 1.3.0 | 1080.29 | OK | |||
r-devel-linux-x86_64-fedora-gcc | 1.3.0 | 1570.56 | OK | |||
r-devel-windows-x86_64 | 1.3.0 | 371.00 | 859.00 | 1230.00 | OK | |
r-patched-linux-x86_64 | 1.3.0 | 395.75 | 424.01 | 819.76 | OK | |
r-release-linux-x86_64 | 1.3.0 | 368.91 | 432.93 | 801.84 | OK | |
r-release-macos-arm64 | 1.3.0 | 329.00 | OK | |||
r-release-macos-x86_64 | 1.3.0 | 583.00 | OK | |||
r-release-windows-x86_64 | 1.3.0 | 375.00 | 551.00 | 926.00 | OK | |
r-oldrel-macos-arm64 | 1.3.0 | 172.00 | NOTE | |||
r-oldrel-macos-x86_64 | 1.3.0 | 316.00 | NOTE | |||
r-oldrel-windows-x86_64 | 1.3.0 | 428.00 | 989.00 | 1417.00 | NOTE |
Version: 1.3.0
Check: installed package size
Result: NOTE
installed size is 65.0Mb
sub-directories of 1Mb or more:
data 2.7Mb
libs 61.6Mb
Flavors: r-oldrel-macos-arm64, r-oldrel-macos-x86_64, r-oldrel-windows-x86_64
Version: 1.3.0
Check: for GNU extensions in Makefiles
Result: NOTE
GNU make is a SystemRequirements.
Flavors: r-oldrel-macos-arm64, r-oldrel-macos-x86_64