CRAN Package Check Results for Package BeastJar

Last updated on 2025-05-10 20:49:35 CEST.

Flavor Version Tinstall Tcheck Ttotal Status Flags
r-devel-linux-x86_64-debian-clang 1.10.6 3.37 34.03 37.40 OK
r-devel-linux-x86_64-debian-gcc 1.10.6 2.32 26.65 28.97 OK
r-devel-linux-x86_64-fedora-clang 1.10.6 55.68 OK
r-devel-linux-x86_64-fedora-gcc 1.10.6 57.08 OK
r-devel-windows-x86_64 1.10.6 4.00 51.00 55.00 OK
r-patched-linux-x86_64 1.10.6 3.34 31.62 34.96 OK
r-release-linux-x86_64 1.10.6 2.95 31.79 34.74 OK
r-release-macos-arm64 1.10.6 23.00 OK
r-release-macos-x86_64 1.10.6 56.00 OK
r-release-windows-x86_64 1.10.6 5.00 53.00 58.00 OK
r-oldrel-macos-arm64 1.10.6 27.00 NOTE
r-oldrel-macos-x86_64 1.10.6 47.00 NOTE
r-oldrel-windows-x86_64 1.10.6 6.00 60.00 66.00 NOTE

Check Details

Version: 1.10.6
Check: installed package size
Result: NOTE installed size is 7.8Mb sub-directories of 1Mb or more: java 7.7Mb Flavors: r-oldrel-macos-arm64, r-oldrel-macos-x86_64, r-oldrel-windows-x86_64

Version: 1.10.6
Check: LazyData
Result: NOTE 'LazyData' is specified without a 'data' directory Flavors: r-oldrel-macos-arm64, r-oldrel-macos-x86_64, r-oldrel-windows-x86_64