Last updated on 2025-05-10 20:49:35 CEST.
Flavor | Version | Tinstall | Tcheck | Ttotal | Status | Flags |
---|---|---|---|---|---|---|
r-devel-linux-x86_64-debian-clang | 1.0.1 | 7.43 | 54.57 | 62.00 | NOTE | |
r-devel-linux-x86_64-debian-gcc | 1.0.1 | 4.68 | 40.48 | 45.16 | NOTE | |
r-devel-linux-x86_64-fedora-clang | 1.0.1 | 94.48 | OK | |||
r-devel-linux-x86_64-fedora-gcc | 1.0.1 | 97.31 | OK | |||
r-devel-windows-x86_64 | 1.0.1 | 7.00 | 69.00 | 76.00 | OK | |
r-patched-linux-x86_64 | 1.0.1 | 7.57 | 51.98 | 59.55 | OK | |
r-release-linux-x86_64 | 1.0.1 | 6.52 | 52.73 | 59.25 | OK | |
r-release-macos-arm64 | 1.0.1 | 34.00 | OK | |||
r-release-macos-x86_64 | 1.0.1 | 66.00 | OK | |||
r-release-windows-x86_64 | 1.0.1 | 7.00 | 72.00 | 79.00 | OK | |
r-oldrel-macos-arm64 | 1.0.1 | 29.00 | OK | |||
r-oldrel-macos-x86_64 | 1.0.1 | 47.00 | OK | |||
r-oldrel-windows-x86_64 | 1.0.1 | 10.00 | 82.00 | 92.00 | OK |
Version: 1.0.1
Check: CRAN incoming feasibility
Result: NOTE
Maintainer: ‘Margarita Marin <mmarinj@unal.edu.co>’
No Authors@R field in DESCRIPTION.
Please add one, modifying
Authors@R: c(person(given = "Margarita",
family = "Marin",
role = c("aut", "cre"),
email = "mmarinj@unal.edu.co"),
person(given = "Edilberto",
family = "Cepeda-Cuervo.",
role = "aut"))
as necessary.
Flavors: r-devel-linux-x86_64-debian-clang, r-devel-linux-x86_64-debian-gcc