Last updated on 2025-05-10 16:52:10 CEST.
Flavor | Version | Tinstall | Tcheck | Ttotal | Status | Flags |
---|---|---|---|---|---|---|
r-devel-linux-x86_64-debian-clang | 1.0.1 | 17.31 | 150.32 | 167.63 | NOTE | |
r-devel-linux-x86_64-debian-gcc | 1.0.1 | 12.08 | 109.27 | 121.35 | NOTE | |
r-devel-linux-x86_64-fedora-clang | 1.0.1 | 266.37 | NOTE | |||
r-devel-linux-x86_64-fedora-gcc | 1.0.1 | 300.44 | NOTE | |||
r-devel-windows-x86_64 | 1.0.1 | 18.00 | 167.00 | 185.00 | NOTE | |
r-patched-linux-x86_64 | 1.0.1 | 15.97 | 147.10 | 163.07 | NOTE | |
r-release-linux-x86_64 | 1.0.1 | 16.98 | 148.12 | 165.10 | NOTE | |
r-release-macos-arm64 | 1.0.1 | 78.00 | NOTE | |||
r-release-macos-x86_64 | 1.0.1 | 167.00 | NOTE | |||
r-release-windows-x86_64 | 1.0.1 | 17.00 | 167.00 | 184.00 | NOTE | |
r-oldrel-macos-arm64 | 1.0.1 | 74.00 | NOTE | |||
r-oldrel-macos-x86_64 | 1.0.1 | 123.00 | NOTE | |||
r-oldrel-windows-x86_64 | 1.0.1 | 26.00 | 205.00 | 231.00 | NOTE |
Version: 1.0.1
Check: Rd files
Result: NOTE
checkRd: (-1) bma.bx.cy.Rd:69: Lost braces
69 | the initial values for parameters in models. For example, inits<-function(){list(alpha=0,beta=0,c=0,var1=0.5,r=1,lamda=0.01)}.
| ^
Flavors: r-devel-linux-x86_64-debian-clang, r-devel-linux-x86_64-debian-gcc, r-devel-linux-x86_64-fedora-clang, r-devel-linux-x86_64-fedora-gcc, r-devel-windows-x86_64, r-patched-linux-x86_64, r-release-linux-x86_64, r-release-macos-arm64, r-release-macos-x86_64, r-release-windows-x86_64, r-oldrel-macos-arm64, r-oldrel-macos-x86_64, r-oldrel-windows-x86_64