CRAN Package Check Results for Package BaSkePro

Last updated on 2025-07-21 20:49:55 CEST.

Flavor Version Tinstall Tcheck Ttotal Status Flags
r-devel-linux-x86_64-debian-clang 1.1.1 1.61 19.35 20.96 NOTE
r-devel-linux-x86_64-debian-gcc 1.1.1 1.56 16.26 17.82 NOTE
r-devel-linux-x86_64-fedora-clang 1.1.1 32.52 OK
r-devel-linux-x86_64-fedora-gcc 1.1.1 31.23 OK
r-devel-windows-x86_64 1.1.1 3.00 38.00 41.00 OK
r-patched-linux-x86_64 1.1.1 1.69 17.86 19.55 OK
r-release-linux-x86_64 1.1.1 1.77 17.83 19.60 OK
r-release-macos-arm64 1.1.1 16.00 OK
r-release-macos-x86_64 1.1.1 25.00 OK
r-release-windows-x86_64 1.1.1 3.00 41.00 44.00 OK
r-oldrel-macos-arm64 1.1.1 19.00 OK
r-oldrel-macos-x86_64 1.1.1 21.00 OK
r-oldrel-windows-x86_64 1.1.1 3.00 44.00 47.00 OK

Check Details

Version: 1.1.1
Check: CRAN incoming feasibility
Result: NOTE Maintainer: ‘Marco Vidal-Cordasco <marcovidalcordasco@gmail.com>’ No Authors@R field in DESCRIPTION. Please add one, modifying Authors@R: c(person(given = c("Ana", "B."), family = "Marín-Arroyo", role = "aut"), person(given = "David", family = "Ocio", role = "aut"), person(given = "Marco", family = "Vidal-Cordasco", role = "cre", email = "marcovidalcordasco@gmail.com"), person(given = "Delphine", family = "Vettese")) as necessary. Flavors: r-devel-linux-x86_64-debian-clang, r-devel-linux-x86_64-debian-gcc