Last updated on 2025-05-10 20:49:36 CEST.
Flavor | Version | Tinstall | Tcheck | Ttotal | Status | Flags |
---|---|---|---|---|---|---|
r-devel-linux-x86_64-debian-clang | 0.0.1 | 6.11 | 47.64 | 53.75 | OK | |
r-devel-linux-x86_64-debian-gcc | 0.0.1 | 4.56 | 33.65 | 38.21 | OK | |
r-devel-linux-x86_64-fedora-clang | 0.0.1 | 77.99 | OK | |||
r-devel-linux-x86_64-fedora-gcc | 0.0.1 | 88.45 | OK | |||
r-devel-windows-x86_64 | 0.0.1 | 7.00 | 62.00 | 69.00 | OK | |
r-patched-linux-x86_64 | 0.0.1 | 6.05 | 45.88 | 51.93 | OK | |
r-release-linux-x86_64 | 0.0.1 | 5.78 | 44.92 | 50.70 | OK | |
r-release-macos-arm64 | 0.0.1 | 26.00 | OK | |||
r-release-macos-x86_64 | 0.0.1 | 58.00 | OK | |||
r-release-windows-x86_64 | 0.0.1 | 7.00 | 61.00 | 68.00 | OK | |
r-oldrel-macos-arm64 | 0.0.1 | 25.00 | NOTE | |||
r-oldrel-macos-x86_64 | 0.0.1 | 44.00 | NOTE | |||
r-oldrel-windows-x86_64 | 0.0.1 | 10.00 | 74.00 | 84.00 | NOTE |
Version: 0.0.1
Check: LazyData
Result: NOTE
'LazyData' is specified without a 'data' directory
Flavors: r-oldrel-macos-arm64, r-oldrel-macos-x86_64, r-oldrel-windows-x86_64