Last updated on 2025-05-10 20:49:36 CEST.
Flavor | Version | Tinstall | Tcheck | Ttotal | Status | Flags |
---|---|---|---|---|---|---|
r-devel-linux-x86_64-debian-clang | 0.1.1 | 7.89 | 79.49 | 87.38 | OK | |
r-devel-linux-x86_64-debian-gcc | 0.1.1 | 6.64 | 57.25 | 63.89 | OK | |
r-devel-linux-x86_64-fedora-clang | 0.1.1 | 150.02 | OK | |||
r-devel-linux-x86_64-fedora-gcc | 0.1.1 | 155.59 | OK | |||
r-devel-windows-x86_64 | 0.1.1 | 9.00 | 85.00 | 94.00 | OK | |
r-patched-linux-x86_64 | 0.1.1 | 8.94 | 75.49 | 84.43 | OK | |
r-release-linux-x86_64 | 0.1.1 | 8.44 | 75.74 | 84.18 | OK | |
r-release-macos-arm64 | 0.1.1 | 58.00 | OK | |||
r-release-macos-x86_64 | 0.1.1 | 99.00 | OK | |||
r-release-windows-x86_64 | 0.1.1 | 9.00 | 86.00 | 95.00 | OK | |
r-oldrel-macos-arm64 | 0.1.1 | 46.00 | NOTE | |||
r-oldrel-macos-x86_64 | 0.1.1 | 87.00 | NOTE | |||
r-oldrel-windows-x86_64 | 0.1.1 | 12.00 | 104.00 | 116.00 | NOTE |
Version: 0.1.1
Check: LazyData
Result: NOTE
'LazyData' is specified without a 'data' directory
Flavors: r-oldrel-macos-arm64, r-oldrel-macos-x86_64, r-oldrel-windows-x86_64