CRAN Package Check Results for Package BLRShiny2

Last updated on 2025-05-10 16:52:11 CEST.

Flavor Version Tinstall Tcheck Ttotal Status Flags
r-devel-linux-x86_64-debian-clang 0.1.0 1.49 16.12 17.61 NOTE
r-devel-linux-x86_64-debian-gcc 0.1.0 1.46 13.17 14.63 NOTE
r-devel-linux-x86_64-fedora-clang 0.1.0 28.56 NOTE
r-devel-linux-x86_64-fedora-gcc 0.1.0 28.21 NOTE
r-devel-windows-x86_64 0.1.0 4.00 37.00 41.00 OK
r-patched-linux-x86_64 0.1.0 1.81 15.80 17.61 OK
r-release-linux-x86_64 0.1.0 1.81 15.78 17.59 OK
r-release-macos-arm64 0.1.0 14.00 OK
r-release-macos-x86_64 0.1.0 28.00 OK
r-release-windows-x86_64 0.1.0 3.00 39.00 42.00 OK
r-oldrel-macos-arm64 0.1.0 14.00 NOTE
r-oldrel-macos-x86_64 0.1.0 22.00 NOTE
r-oldrel-windows-x86_64 0.1.0 4.00 41.00 45.00 NOTE

Check Details

Version: 0.1.0
Check: CRAN incoming feasibility
Result: NOTE Maintainer: ‘Kartikeya Bolar <kartikeya.bolar@tapmi.edu.in>’ No Authors@R field in DESCRIPTION. Please add one, modifying Authors@R: person(given = "Kartikeya", family = "Bolar", role = c("aut", "cre"), email = "kartikeya.bolar@tapmi.edu.in") as necessary. Flavors: r-devel-linux-x86_64-debian-clang, r-devel-linux-x86_64-debian-gcc

Version: 0.1.0
Check: dependencies in R code
Result: NOTE Namespaces in Imports field not imported from: ‘caret’ ‘datasets’ ‘dplyr’ ‘e1071’ ‘ggplot2’ ‘rhandsontable’ ‘shiny’ All declared Imports should be used. Flavors: r-devel-linux-x86_64-fedora-clang, r-devel-linux-x86_64-fedora-gcc

Version: 0.1.0
Check: LazyData
Result: NOTE 'LazyData' is specified without a 'data' directory Flavors: r-oldrel-macos-arm64, r-oldrel-macos-x86_64, r-oldrel-windows-x86_64