Last updated on 2025-05-10 16:52:11 CEST.
Flavor | Version | Tinstall | Tcheck | Ttotal | Status | Flags |
---|---|---|---|---|---|---|
r-devel-linux-x86_64-debian-clang | 0.3.4 | 31.06 | 75.82 | 106.88 | NOTE | |
r-devel-linux-x86_64-debian-gcc | 0.3.4 | 21.62 | 55.83 | 77.45 | NOTE | |
r-devel-linux-x86_64-fedora-clang | 0.3.4 | 177.12 | OK | |||
r-devel-linux-x86_64-fedora-gcc | 0.3.4 | 264.39 | OK | |||
r-devel-windows-x86_64 | 0.3.4 | 35.00 | 107.00 | 142.00 | OK | |
r-patched-linux-x86_64 | 0.3.4 | 30.12 | 74.82 | 104.94 | OK | |
r-release-linux-x86_64 | 0.3.4 | 30.49 | 71.87 | 102.36 | OK | |
r-release-macos-arm64 | 0.3.4 | 107.00 | OK | |||
r-release-macos-x86_64 | 0.3.4 | 202.00 | OK | |||
r-release-windows-x86_64 | 0.3.4 | 33.00 | 104.00 | 137.00 | OK | |
r-oldrel-macos-arm64 | 0.3.4 | 70.00 | OK | |||
r-oldrel-macos-x86_64 | 0.3.4 | 141.00 | OK | |||
r-oldrel-windows-x86_64 | 0.3.4 | 41.00 | 137.00 | 178.00 | OK |
Version: 0.3.4
Check: CRAN incoming feasibility
Result: NOTE
Maintainer: ‘Daniel Brunner <daniel.brunner@hhu.de>’
No Authors@R field in DESCRIPTION.
Please add one, modifying
Authors@R: c(person(given = "Daniel",
family = "Brunner",
role = c("aut", "cre"),
email = "daniel.brunner@hhu.de",
comment = "aut"),
person(given = "Constantin",
family = "Weiser",
role = "aut",
comment = "ctr"),
person(given = "Andre",
family = "Romahn",
role = "aut",
comment = "ctr"))
as necessary.
Flavors: r-devel-linux-x86_64-debian-clang, r-devel-linux-x86_64-debian-gcc