Last updated on 2025-05-10 20:49:35 CEST.
Flavor | Version | Tinstall | Tcheck | Ttotal | Status | Flags |
---|---|---|---|---|---|---|
r-devel-linux-x86_64-debian-clang | 3.1.2 | 39.02 | 53.43 | 92.45 | OK | |
r-devel-linux-x86_64-debian-gcc | 3.1.2 | 27.57 | 37.76 | 65.33 | OK | |
r-devel-linux-x86_64-fedora-clang | 3.1.2 | 156.28 | OK | |||
r-devel-linux-x86_64-fedora-gcc | 3.1.2 | 178.66 | OK | |||
r-devel-windows-x86_64 | 3.1.2 | 44.00 | 114.00 | 158.00 | OK | |
r-patched-linux-x86_64 | 3.1.2 | 39.45 | 50.06 | 89.51 | OK | |
r-release-linux-x86_64 | 3.1.2 | 40.22 | 49.22 | 89.44 | OK | |
r-release-macos-arm64 | 3.1.2 | 67.00 | OK | |||
r-release-macos-x86_64 | 3.1.2 | 115.00 | OK | |||
r-release-windows-x86_64 | 3.1.2 | 42.00 | 115.00 | 157.00 | OK | |
r-oldrel-macos-arm64 | 3.1.2 | 95.00 | NOTE | |||
r-oldrel-macos-x86_64 | 3.1.2 | 196.00 | NOTE | |||
r-oldrel-windows-x86_64 | 3.1.2 | 51.00 | 133.00 | 184.00 | OK |
Version: 3.1.2
Check: installed package size
Result: NOTE
installed size is 5.2Mb
sub-directories of 1Mb or more:
libs 4.6Mb
Flavors: r-oldrel-macos-arm64, r-oldrel-macos-x86_64