CRAN Package Check Results for Package AntAngioCOOL

Last updated on 2025-05-10 20:49:34 CEST.

Flavor Version Tinstall Tcheck Ttotal Status Flags
r-devel-linux-x86_64-debian-clang 1.2 50.64 203.69 254.33 NOTE
r-devel-linux-x86_64-debian-gcc 1.2 35.30 150.66 185.96 NOTE
r-devel-linux-x86_64-fedora-clang 1.2 403.66 NOTE
r-devel-linux-x86_64-fedora-gcc 1.2 403.62 NOTE
r-devel-windows-x86_64 1.2 57.00 186.00 243.00 NOTE
r-patched-linux-x86_64 1.2 44.50 197.57 242.07 NOTE
r-release-linux-x86_64 1.2 42.60 188.81 231.41 NOTE
r-release-macos-arm64 1.2 101.00 NOTE
r-release-macos-x86_64 1.2 254.00 NOTE
r-release-windows-x86_64 1.2 56.00 185.00 241.00 NOTE
r-oldrel-macos-arm64 1.2 115.00 NOTE
r-oldrel-macos-x86_64 1.2 162.00 NOTE
r-oldrel-windows-x86_64 1.2 76.00 228.00 304.00 NOTE

Check Details

Version: 1.2
Check: CRAN incoming feasibility
Result: NOTE Maintainer: ‘Javad Zahiri <zahiri@modares.ac.ir>’ No Authors@R field in DESCRIPTION. Please add one, modifying Authors@R: c(person(given = "Babak", family = "Khorsand", role = "aut", email = "khorsand@yahoo.com"), person(given = "Javad", family = "Zahiri", role = "cre", email = "zahiri@modares.ac.ir")) as necessary. Flavors: r-devel-linux-x86_64-debian-clang, r-devel-linux-x86_64-debian-gcc

Version: 1.2
Check: Rd files
Result: NOTE checkRd: (-1) AntAngioCOOL.Rd:33: Lost braces; missing escapes or markup? 33 | 2- K-mer composition that shows the fraction of all possible subsequences with length k in the given peptide. To compute k-mer composition features, reduced amino acid alphabet that proposed by Zahiri et al (Zahiri et al., 2014) has been exploited: the 20 alphabet of amino acids have been reduced to a new alphabet with size 8 according to 544 physicochemical and biochemical indices that extracted from AAIndex database (Kawashima et al., 2008) (C1={A, E}, C2={I, L, F, M, V}, C3={N, D, T, S}, C4={G}, C5={P}, C6={R, K, Q, H}, C7={Y, W}, C8={C}). We have computed k-mer composition for k=2,3,4 for each peptide. | ^ checkRd: (-1) AntAngioCOOL.Rd:33: Lost braces; missing escapes or markup? 33 | 2- K-mer composition that shows the fraction of all possible subsequences with length k in the given peptide. To compute k-mer composition features, reduced amino acid alphabet that proposed by Zahiri et al (Zahiri et al., 2014) has been exploited: the 20 alphabet of amino acids have been reduced to a new alphabet with size 8 according to 544 physicochemical and biochemical indices that extracted from AAIndex database (Kawashima et al., 2008) (C1={A, E}, C2={I, L, F, M, V}, C3={N, D, T, S}, C4={G}, C5={P}, C6={R, K, Q, H}, C7={Y, W}, C8={C}). We have computed k-mer composition for k=2,3,4 for each peptide. | ^ checkRd: (-1) AntAngioCOOL.Rd:33: Lost braces; missing escapes or markup? 33 | 2- K-mer composition that shows the fraction of all possible subsequences with length k in the given peptide. To compute k-mer composition features, reduced amino acid alphabet that proposed by Zahiri et al (Zahiri et al., 2014) has been exploited: the 20 alphabet of amino acids have been reduced to a new alphabet with size 8 according to 544 physicochemical and biochemical indices that extracted from AAIndex database (Kawashima et al., 2008) (C1={A, E}, C2={I, L, F, M, V}, C3={N, D, T, S}, C4={G}, C5={P}, C6={R, K, Q, H}, C7={Y, W}, C8={C}). We have computed k-mer composition for k=2,3,4 for each peptide. | ^ checkRd: (-1) AntAngioCOOL.Rd:33: Lost braces; missing escapes or markup? 33 | 2- K-mer composition that shows the fraction of all possible subsequences with length k in the given peptide. To compute k-mer composition features, reduced amino acid alphabet that proposed by Zahiri et al (Zahiri et al., 2014) has been exploited: the 20 alphabet of amino acids have been reduced to a new alphabet with size 8 according to 544 physicochemical and biochemical indices that extracted from AAIndex database (Kawashima et al., 2008) (C1={A, E}, C2={I, L, F, M, V}, C3={N, D, T, S}, C4={G}, C5={P}, C6={R, K, Q, H}, C7={Y, W}, C8={C}). We have computed k-mer composition for k=2,3,4 for each peptide. | ^ checkRd: (-1) AntAngioCOOL.Rd:33: Lost braces; missing escapes or markup? 33 | 2- K-mer composition that shows the fraction of all possible subsequences with length k in the given peptide. To compute k-mer composition features, reduced amino acid alphabet that proposed by Zahiri et al (Zahiri et al., 2014) has been exploited: the 20 alphabet of amino acids have been reduced to a new alphabet with size 8 according to 544 physicochemical and biochemical indices that extracted from AAIndex database (Kawashima et al., 2008) (C1={A, E}, C2={I, L, F, M, V}, C3={N, D, T, S}, C4={G}, C5={P}, C6={R, K, Q, H}, C7={Y, W}, C8={C}). We have computed k-mer composition for k=2,3,4 for each peptide. | ^ checkRd: (-1) AntAngioCOOL.Rd:33: Lost braces; missing escapes or markup? 33 | 2- K-mer composition that shows the fraction of all possible subsequences with length k in the given peptide. To compute k-mer composition features, reduced amino acid alphabet that proposed by Zahiri et al (Zahiri et al., 2014) has been exploited: the 20 alphabet of amino acids have been reduced to a new alphabet with size 8 according to 544 physicochemical and biochemical indices that extracted from AAIndex database (Kawashima et al., 2008) (C1={A, E}, C2={I, L, F, M, V}, C3={N, D, T, S}, C4={G}, C5={P}, C6={R, K, Q, H}, C7={Y, W}, C8={C}). We have computed k-mer composition for k=2,3,4 for each peptide. | ^ checkRd: (-1) AntAngioCOOL.Rd:33: Lost braces; missing escapes or markup? 33 | 2- K-mer composition that shows the fraction of all possible subsequences with length k in the given peptide. To compute k-mer composition features, reduced amino acid alphabet that proposed by Zahiri et al (Zahiri et al., 2014) has been exploited: the 20 alphabet of amino acids have been reduced to a new alphabet with size 8 according to 544 physicochemical and biochemical indices that extracted from AAIndex database (Kawashima et al., 2008) (C1={A, E}, C2={I, L, F, M, V}, C3={N, D, T, S}, C4={G}, C5={P}, C6={R, K, Q, H}, C7={Y, W}, C8={C}). We have computed k-mer composition for k=2,3,4 for each peptide. | ^ checkRd: (-1) AntAngioCOOL.Rd:33: Lost braces; missing escapes or markup? 33 | 2- K-mer composition that shows the fraction of all possible subsequences with length k in the given peptide. To compute k-mer composition features, reduced amino acid alphabet that proposed by Zahiri et al (Zahiri et al., 2014) has been exploited: the 20 alphabet of amino acids have been reduced to a new alphabet with size 8 according to 544 physicochemical and biochemical indices that extracted from AAIndex database (Kawashima et al., 2008) (C1={A, E}, C2={I, L, F, M, V}, C3={N, D, T, S}, C4={G}, C5={P}, C6={R, K, Q, H}, C7={Y, W}, C8={C}). We have computed k-mer composition for k=2,3,4 for each peptide. | ^ Flavors: r-devel-linux-x86_64-debian-clang, r-devel-linux-x86_64-debian-gcc, r-devel-linux-x86_64-fedora-clang, r-devel-linux-x86_64-fedora-gcc, r-devel-windows-x86_64, r-patched-linux-x86_64, r-release-linux-x86_64, r-release-macos-arm64, r-release-macos-x86_64, r-release-windows-x86_64, r-oldrel-macos-arm64, r-oldrel-macos-x86_64, r-oldrel-windows-x86_64

Version: 1.2
Check: installed package size
Result: NOTE installed size is 35.6Mb sub-directories of 1Mb or more: R 35.5Mb Flavors: r-oldrel-macos-arm64, r-oldrel-macos-x86_64, r-oldrel-windows-x86_64