Last updated on 2025-05-10 16:52:10 CEST.
Flavor | Version | Tinstall | Tcheck | Ttotal | Status | Flags |
---|---|---|---|---|---|---|
r-devel-linux-x86_64-debian-clang | 1.1 | 9.09 | 66.50 | 75.59 | NOTE | |
r-devel-linux-x86_64-debian-gcc | 1.1 | 6.39 | 50.71 | 57.10 | NOTE | |
r-devel-linux-x86_64-fedora-clang | 1.1 | 114.39 | OK | |||
r-devel-linux-x86_64-fedora-gcc | 1.1 | 110.25 | OK | |||
r-devel-windows-x86_64 | 1.1 | 11.00 | 78.00 | 89.00 | OK | |
r-patched-linux-x86_64 | 1.1 | 8.77 | 63.38 | 72.15 | OK | |
r-release-linux-x86_64 | 1.1 | 8.89 | 63.70 | 72.59 | OK | |
r-release-macos-arm64 | 1.1 | 40.00 | OK | |||
r-release-macos-x86_64 | 1.1 | 73.00 | OK | |||
r-release-windows-x86_64 | 1.1 | 11.00 | 81.00 | 92.00 | OK | |
r-oldrel-macos-arm64 | 1.1 | 39.00 | OK | |||
r-oldrel-macos-x86_64 | 1.1 | 53.00 | OK | |||
r-oldrel-windows-x86_64 | 1.1 | 14.00 | 95.00 | 109.00 | OK |
Version: 1.1
Check: CRAN incoming feasibility
Result: NOTE
Maintainer: ‘Michal Burdukiewicz <michalburdukiewicz@gmail.com>’
Package CITATION file contains call(s) to old-style citEntry(). Please
use bibentry() instead.
Found the following URLs which should use \doi (with the DOI name only):
File ‘AmyloGram-package.Rd’:
https://doi.org/10.1038/s41598-017-13210-9
Flavors: r-devel-linux-x86_64-debian-clang, r-devel-linux-x86_64-debian-gcc