Last updated on 2025-07-27 01:48:16 CEST.
Flavor | Version | Tinstall | Tcheck | Ttotal | Status | Flags |
---|---|---|---|---|---|---|
r-devel-linux-x86_64-debian-clang | 1.8.3 | 31.93 | 73.89 | 105.82 | OK | |
r-devel-linux-x86_64-debian-gcc | 1.8.3 | 24.89 | 54.25 | 79.14 | OK | |
r-devel-linux-x86_64-fedora-clang | 1.8.3 | 172.03 | OK | |||
r-devel-linux-x86_64-fedora-gcc | 1.8.3 | 188.00 | OK | |||
r-devel-windows-x86_64 | 1.8.3 | 42.00 | 100.00 | 142.00 | OK | |
r-patched-linux-x86_64 | 1.8.3 | 33.90 | 68.91 | 102.81 | OK | |
r-release-linux-x86_64 | 1.8.3 | 33.51 | 67.95 | 101.46 | OK | |
r-release-macos-arm64 | 1.8.3 | 67.00 | OK | |||
r-release-macos-x86_64 | 1.8.3 | 120.00 | OK | |||
r-release-windows-x86_64 | 1.8.3 | 37.00 | 101.00 | 138.00 | OK | |
r-oldrel-macos-arm64 | 1.8.3 | 57.00 | NOTE | |||
r-oldrel-macos-x86_64 | 1.8.3 | 161.00 | NOTE | |||
r-oldrel-windows-x86_64 | 1.8.3 | 48.00 | 131.00 | 179.00 | OK |
Version: 1.8.3
Check: installed package size
Result: NOTE
installed size is 5.6Mb
sub-directories of 1Mb or more:
doc 1.4Mb
libs 3.6Mb
Flavors: r-oldrel-macos-arm64, r-oldrel-macos-x86_64