Last updated on 2025-05-10 20:49:34 CEST.
Flavor | Version | Tinstall | Tcheck | Ttotal | Status | Flags |
---|---|---|---|---|---|---|
r-devel-linux-x86_64-debian-clang | 1.8.3 | 32.38 | 72.77 | 105.15 | OK | |
r-devel-linux-x86_64-debian-gcc | 1.8.3 | 23.81 | 53.75 | 77.56 | OK | |
r-devel-linux-x86_64-fedora-clang | 1.8.3 | 169.53 | OK | |||
r-devel-linux-x86_64-fedora-gcc | 1.8.3 | 191.06 | OK | |||
r-devel-windows-x86_64 | 1.8.3 | 40.00 | 100.00 | 140.00 | OK | |
r-patched-linux-x86_64 | 1.8.3 | 34.06 | 68.36 | 102.42 | OK | |
r-release-linux-x86_64 | 1.8.3 | 34.34 | 68.31 | 102.65 | OK | |
r-release-macos-arm64 | 1.8.3 | 67.00 | OK | |||
r-release-macos-x86_64 | 1.8.3 | 120.00 | OK | |||
r-release-windows-x86_64 | 1.8.3 | 38.00 | 101.00 | 139.00 | OK | |
r-oldrel-macos-arm64 | 1.8.3 | 57.00 | NOTE | |||
r-oldrel-macos-x86_64 | 1.8.3 | 161.00 | NOTE | |||
r-oldrel-windows-x86_64 | 1.8.3 | 49.00 | 118.00 | 167.00 | OK |
Version: 1.8.3
Check: installed package size
Result: NOTE
installed size is 5.6Mb
sub-directories of 1Mb or more:
doc 1.4Mb
libs 3.6Mb
Flavors: r-oldrel-macos-arm64, r-oldrel-macos-x86_64