CRAN Package Check Results for Package ARDL

Last updated on 2025-05-10 20:49:34 CEST.

Flavor Version Tinstall Tcheck Ttotal Status Flags
r-devel-linux-x86_64-debian-clang 0.2.4 7.51 234.94 242.45 NOTE
r-devel-linux-x86_64-debian-gcc 0.2.4 4.96 142.52 147.48 NOTE
r-devel-linux-x86_64-fedora-clang 0.2.4 381.27 NOTE
r-devel-linux-x86_64-fedora-gcc 0.2.4 365.94 NOTE
r-devel-windows-x86_64 0.2.4 9.00 210.00 219.00 NOTE
r-patched-linux-x86_64 0.2.4 8.02 222.76 230.78 NOTE
r-release-linux-x86_64 0.2.4 4.99 219.87 224.86 NOTE
r-release-macos-arm64 0.2.4 84.00 NOTE
r-release-macos-x86_64 0.2.4 200.00 NOTE
r-release-windows-x86_64 0.2.4 9.00 210.00 219.00 NOTE
r-oldrel-macos-arm64 0.2.4 87.00 NOTE
r-oldrel-macos-x86_64 0.2.4 149.00 NOTE
r-oldrel-windows-x86_64 0.2.4 12.00 300.00 312.00 NOTE

Check Details

Version: 0.2.4
Check: Rd files
Result: NOTE checkRd: (-1) recm.Rd:55: Lost braces; missing escapes or markup? 55 | {In all cases,} \eqn{x_{j,t-1}} {in} \eqn{ECT} {is replaced by} \eqn{x_{j,t} \;\;\;\;\; \forall \;\; q_{j} = 0} | ^ checkRd: (-1) recm.Rd:55: Lost braces; missing escapes or markup? 55 | {In all cases,} \eqn{x_{j,t-1}} {in} \eqn{ECT} {is replaced by} \eqn{x_{j,t} \;\;\;\;\; \forall \;\; q_{j} = 0} | ^ checkRd: (-1) recm.Rd:55: Lost braces; missing escapes or markup? 55 | {In all cases,} \eqn{x_{j,t-1}} {in} \eqn{ECT} {is replaced by} \eqn{x_{j,t} \;\;\;\;\; \forall \;\; q_{j} = 0} | ^ checkRd: (-1) uecm.Rd:76: Lost braces; missing escapes or markup? 76 | {In addition,} \eqn{x_{j,t-1}} {and} \eqn{\Delta x_{j,t}} {cancel out | ^ checkRd: (-1) uecm.Rd:76: Lost braces; missing escapes or markup? 76 | {In addition,} \eqn{x_{j,t-1}} {and} \eqn{\Delta x_{j,t}} {cancel out | ^ checkRd: (-1) uecm.Rd:76-77: Lost braces 76 | {In addition,} \eqn{x_{j,t-1}} {and} \eqn{\Delta x_{j,t}} {cancel out | ^ Flavors: r-devel-linux-x86_64-debian-clang, r-devel-linux-x86_64-debian-gcc, r-devel-linux-x86_64-fedora-clang, r-devel-linux-x86_64-fedora-gcc, r-devel-windows-x86_64, r-patched-linux-x86_64, r-release-linux-x86_64, r-release-macos-arm64, r-release-macos-x86_64, r-release-windows-x86_64, r-oldrel-macos-arm64, r-oldrel-macos-x86_64, r-oldrel-windows-x86_64