Last updated on 2025-05-10 16:52:10 CEST.
Flavor | Version | Tinstall | Tcheck | Ttotal | Status | Flags |
---|---|---|---|---|---|---|
r-devel-linux-x86_64-debian-clang | 3.0.1 | 38.34 | 116.10 | 154.44 | NOTE | |
r-devel-linux-x86_64-debian-gcc | 3.0.1 | 26.87 | 78.23 | 105.10 | NOTE | |
r-devel-linux-x86_64-fedora-clang | 3.0.1 | 237.51 | OK | |||
r-devel-linux-x86_64-fedora-gcc | 3.0.1 | 237.66 | OK | |||
r-devel-windows-x86_64 | 3.0.1 | 41.00 | 130.00 | 171.00 | NOTE | |
r-patched-linux-x86_64 | 3.0.1 | 37.70 | 105.24 | 142.94 | NOTE | |
r-release-linux-x86_64 | 3.0.1 | 35.06 | 104.23 | 139.29 | NOTE | |
r-release-macos-arm64 | 3.0.1 | 61.00 | OK | |||
r-release-macos-x86_64 | 3.0.1 | 109.00 | OK | |||
r-release-windows-x86_64 | 3.0.1 | 42.00 | 130.00 | 172.00 | NOTE | |
r-oldrel-macos-arm64 | 3.0.1 | 60.00 | OK | |||
r-oldrel-macos-x86_64 | 3.0.1 | 97.00 | OK | |||
r-oldrel-windows-x86_64 | 3.0.1 | 52.00 | 165.00 | 217.00 | OK |
Version: 3.0.1
Check: CRAN incoming feasibility
Result: NOTE
Maintainer: ‘Fernanda L. Schumacher <fernandalschumacher@gmail.com>’
The Description field contains
innovations. arXiv preprint <arXiv:2110.00224>.
Please refer to arXiv e-prints via their arXiv DOI <doi:10.48550/arXiv.YYMM.NNNNN>.
Flavors: r-devel-linux-x86_64-debian-clang, r-devel-linux-x86_64-debian-gcc
Version: 3.0.1
Check: Rd cross-references
Result: NOTE
Found the following Rd file(s) with Rd \link{} targets missing package
anchors:
plot.InfDiag.Rd: ggplot
plot.Rd: ggplot
plot.residARpCRM.Rd: ggplot
Please provide package anchors for all Rd \link{} targets not in the
package itself and the base packages.
Flavors: r-devel-linux-x86_64-debian-clang, r-devel-linux-x86_64-debian-gcc, r-devel-windows-x86_64, r-patched-linux-x86_64, r-release-linux-x86_64, r-release-windows-x86_64