Last updated on 2025-05-10 16:52:09 CEST.
Flavor | Version | Tinstall | Tcheck | Ttotal | Status | Flags |
---|---|---|---|---|---|---|
r-devel-linux-x86_64-debian-clang | 0.1.5 | 8.69 | 75.75 | 84.44 | NOTE | |
r-devel-linux-x86_64-debian-gcc | 0.1.5 | 6.30 | 64.11 | 70.41 | NOTE | |
r-devel-linux-x86_64-fedora-clang | 0.1.5 | 137.04 | OK | |||
r-devel-linux-x86_64-fedora-gcc | 0.1.5 | 131.78 | OK | |||
r-devel-windows-x86_64 | 0.1.5 | 9.00 | 96.00 | 105.00 | OK | |
r-patched-linux-x86_64 | 0.1.5 | 9.33 | 74.40 | 83.73 | OK | |
r-release-linux-x86_64 | 0.1.5 | 7.67 | 73.50 | 81.17 | OK | |
r-release-macos-arm64 | 0.1.5 | 50.00 | OK | |||
r-release-macos-x86_64 | 0.1.5 | 77.00 | OK | |||
r-release-windows-x86_64 | 0.1.5 | 10.00 | 101.00 | 111.00 | OK | |
r-oldrel-macos-arm64 | 0.1.5 | 39.00 | OK | |||
r-oldrel-macos-x86_64 | 0.1.5 | 61.00 | OK | |||
r-oldrel-windows-x86_64 | 0.1.5 | 12.00 | 100.00 | 112.00 | OK |
Version: 0.1.5
Check: CRAN incoming feasibility
Result: NOTE
Maintainer: ‘Elisabeth Dahlqwist <elisabeth.dahlqwist88@gmail.com>’
No Authors@R field in DESCRIPTION.
Please add one, modifying
Authors@R: c(person(given = "Elisabeth",
family = "Dahlqwist",
role = c("aut", "cre"),
email = "elisabeth.dahlqwist88@gmail.com"),
person(given = "Arvid",
family = "Sjolander",
role = "aut"))
as necessary.
Flavors: r-devel-linux-x86_64-debian-clang, r-devel-linux-x86_64-debian-gcc